r**2 + 2*r + 10. Calculate k(-6).
142
Let v(o) = -10*o - 120. Give v(-10).
-20
Let u(o) = 341*o + 538. What is u(-4)?
-826
Let n(o) = 3*o**2 + 6*o + 11. Give n(-4).
35
Let p(w) = -8*w - 37. Determine p(-6).
11
Let g(z) = -z**2 - 33*z + 1607. What is g(24)?
239
Let n(h) = 24*h**2 - 21*h - 21. Determine n(-1).
24
Let p(n) = 2*n**2 - 106*n + 73. Determine p(38).
-1067
Let o(i) = -i**3 + 68*i**2 + 277*i - 174. Determine o(72).
-966
Let l(k) = -k**2 + 28*k - 31. What is l(15)?
164
Let x(f) = -f**2 + 66*f - 51. Determine x(34).
1037
Let s(y) = -y**2 - 323*y - 18080. What is s(-251)?
-8
Let r(x) = -3*x - 105. Calculate r(15).
-150
Let m(w) = -w**3 - 4*w**2 + 1332*w + 3998. Determine m(-3).
-7
Let v(g) = 70*g - 118. What is v(3)?
92
Let v(t) = -t**3 + 19*t**2 - 46*t - 12. What is v(16)?
20
Let x(z) = 69*z + 753. Determine x(-5).
408
Let s(w) = 5*w**3 - 164*w**2 - 27*w - 203. Determine s(33).
-5
Let z(o) = -o**3 - 4*o**2 + 70*o - 26. Calculate z(-10).
-126
Let d(f) = 37*f - 17. Give d(5).
168
Let g(y) = -y**3 - 38*y**2 - 316*y - 91. Calculate g(-26).
13
Let l(p) = 4*p - 161. What is l(24)?
-65
Let m(d) = 22*d - 50. Calculate m(2).
-6
Let q(l) = 2076*l - 2092. Determine q(1).
-16
Let p(k) = 4*k**2 - 12*k - 3. Give p(5).
37
Let q(w) = -455*w + 880. Calculate q(2).
-30
Let l(u) = u**2 + 32*u + 101. What is l(0)?
101
Let s(u) = 6*u**3 + 62*u**2 - 18*u - 28. Give s(-11).
-314
Let v(d) = 2*d**2 + 66*d - 42. What is v(-30)?
-222
Let n(i) = -i**3 - 26*i**2 - 157*i - 170. Give n(-17).
-102
Let s(u) = 21*u + 112. Give s(-5).
7
Let x(r) = -8*r - 254. Determine x(-25).
-54
Let f(h) = -h**3 + 154*h**2 - 455*h + 293. What is f(151)?
-9
Let f(l) = -2*l**2 - 155*l + 9. Calculate f(0).
9
Let k(g) = -6*g - 31. Give k(5).
-61
Let u(o) = -o**3 - 93*o**2 + 399*o + 10656. Give u(-96).
0
Let b(h) = h**3 + 86*h**2 - 127*h - 3456. Calculate b(-87).
24
Let g(l) = -230*l**2 - 456*l + 1. Give g(-2).
-7
Let v(y) = -21*y - 404. What is v(-15)?
-89
Let t(r) = -102*r**2 - 386*r - 3. What is t(-4)?
-91
Let p(f) = 15*f**3 + 42*f - 40. Calculate p(1).
17
Let i(x) = 3*x**2 - 2*x - 6. Calculate i(3).
15
Let d(k) = -37253*k + 74500. What is d(2)?
-6
Let u(n) = -388*n + 397. What is u(1)?
9
Let l(d) = 19*d**2 + 14*d - 48. Calculate l(5).
497
Let j(a) = -12*a + 163. Give j(14).
-5
Let u(w) = -63*w + 12. What is u(-4)?
264
Let v(l) = -l**2 - 39*l - 292. What is v(-28)?
16
Let t(b) = -b**3 - 24*b**2 + 246*b - 325. Calculate t(-32).
-5
Let g(i) = -2*i**2 + 42*i - 9. Calculate g(10).
211
Let d(k) = -k**3 + 67*k**2 + 158*k - 6047. What is d(68)?
73
Let x(y) = 2*y**3 - 12*y**2 - 81*y + 402. Calculate x(8).
10
Let x(f) = -5*f**2 - 45*f - 18. Give x(-9).
-18
Let w(t) = 274*t + 1356. What is w(-4)?
260
Let q(n) = n**2 - 32*n + 247. What is q(21)?
16
Let o(t) = t**3 - 19*t**2 + 22*t + 358. Give o(16).
-58
Let x(u) = 12*u**2 + 563*u - 2242. Calculate x(4).
202
Let w(k) = -k**2 - 27*k + 34. Calculate w(-25).
84
Let i(n) = -n**3 + 14*n**2 + 11*n - 24. What is i(14)?
130
Let p(c) = -65*c - 508. Determine p(-8).
12
Let g(j) = j**3 + 17*j**2 - 8*j + 251. Give g(-18).
71
Let y(s) = -563*s + 3389. What is y(6)?
11
Let x(r) = -30*r - 352. Give x(-9).
-82
Let k(g) = 10*g**3 - g**2 - 7*g - 16. Determine k(0).
-16
Let c(z) = z**3 - 16*z**2 - 13*z - 92. What is c(18)?
322
Let w(t) = 35*t - 2445. What is w(70)?
5
Let j(h) = -h**2 + 145*h + 11530. What is j(-57)?
16
Let i(y) = -12*y - 70. What is i(-10)?
50
Let h(b) = -2*b**2 + 36*b - 161. Calculate h(9).
1
Let f(m) = m**3 - 5*m**2 - 16*m + 53. What is f(3)?
-13
Let g(r) = r**2 + 25*r + 69. What is g(-28)?
153
Let r(g) = -327*g**3 + 3267*g**2 + 30*g - 8. Calculate r(10).
-8
Let u(s) = 7*s**3 + 12*s**2 - 24*s - 7. Determine u(4).
537
Let n(i) = -77*i - 15615. Calculate n(-203).
16
Let s(i) = 2*i**3 - 30*i**2 - 17*i - 136. What is s(15)?
-391
Let w(p) = -p**3 - 145*p**2 - 168*p - 3460. Give w(-144).
-4
Let n(c) = 57*c + 970. Calculate n(-24).
-398
Let h(k) = -2*k**2 + 111*k + 1922. Calculate h(-14).
-24
Let x(i) = 13*i**2 + 151*i + 68. Calculate x(-11).
-20
Let r(q) = 2*q**2 - 805*q + 5572. What is r(7)?
35
Let p(l) = -3426*l - 13703. Determine p(-4).
1
Let j(o) = 197*o + 7494. Give j(-38).
8
Let r(n) = -n**3 + 45*n**2 + 157*n - 21. What is r(48)?
603
Let x(f) = -7*f**2 - 35*f - 30. What is x(-3)?
12
Let z(v) = 3*v**3 + 65*v**2 + 25*v - 351. Determine z(-21).
6
Let q(a) = 80*a**2 + 4070*a - 516. What is q(-51)?
-6
Let g(u) = -3*u**3 - 48*u**2 - 37*u + 3. What is g(-14)?
-655
Let g(c) = -c**2 + 106*c - 1381. Calculate g(12).
-253
Let o(j) = 21*j - 1289. Calculate o(63).
34
Let k(a) = -26*a - 331. Give k(-13).
7
Let j(n) = 2*n**2 - 4*n - 5. Calculate j(-7).
121
Let m(x) = 38*x + 1232. Calculate m(-32).
16
Let f(q) = 162*q - 1945. Calculate f(12).
-1
Let h(v) = -87*v + 8126. Calculate h(91).
209
Let j(f) = 8*f**3 - 3*f**2 - 10*f + 1. What is j(-2)?
-55
Let a(b) = -6*b**2 - 37*b + 13. Give a(-6).
19
Let y(x) = x**2 + 60*x - 1035. Calculate y(-74).
1
Let i(f) = f**2 - 23*f - 146. Determine i(-9).
142
Let i(f) = 19*f - 1422. Determine i(80).
98
Let d(a) = -2*a**2 - 172*a + 4717. Determine d(-108).
-35
Let g(x) = 36*x - 1442. Give g(40).
-2
Let g(s) = 3*s**2 - 12*s + 9. Give g(6).
45
Let o(v) = v**3 - v - 5. What is o(-3)?
-29
Let k(c) = 11*c**3 - 5*c**2 - 3*c + 3. Give k(1).
6
Let b(v) = -v**2 - 3*v + 139. What is b(-14)?
-15
Let g(u) = 78*u**3 - u**2 - 15*u - 14. What is g(-1)?
-78
Let y(x) = x**2 - 2*x - 19344. Determine y(140).
-24
Let j(l) = -l**2 + 41*l + 221. Give j(-5).
-9
Let o(p) = -9*p - 227. What is o(-26)?
7
Let q(o) = -4*o**2 + 53*o - 93. Give q(11).
6
Let l(f) = f**3 - 7*f**2 + 33*f - 332. Give l(8).
-4
Let u(j) = 343*j**2 - 14*j - 7. What is u(-1)?
350
Let m(f) = -f**2 - 226*f + 2393. Determine m(10).
33
Let k(h) = -h**2 + h + 114. Determine k(11).
4
Let k(c) = 2*c**3 + 6*c**2 + 6*c - 43. What is k(0)?
-43
Let w(a) = -2*a**3 - 62*a**2 + 127*a - 73. What is w(-33)?
92
Let c(v) = v - 9. Calculate c(36).
27
Let w(c) = c**2 + 27*c - 549. Give w(-42).
81
Let k(f) = -95*f**2 + 4*f - 1. Determine k(-3).
-868
Let a(n) = -n**2 - 82*n - 1247. Give a(-18).
-95
Let g(d) = 946*d - 77. What is g(0)?
-77
Let f(u) = u**2 - 52*u + 246. Calculate f(48).
54
Let s(m) = -m**2 - 268*m - 1346. Calculate s(-5).
-31
Let i(o) = 41*o**2 - 3074*o - 69. Determine i(75).
6
Let y(q) = -25*q**2 - 51*q - 40. What is y(-5)?
-410
Let m(z) = -818*z - 2441. Calculate m(-3).
13
Let i(f) = f**3 + 39*f**2 + 39*f - 73. Determine i(-38).
-111
Let w(o) = 22*o + 318. Calculate w(-6).
186
Let z(u) = -u**3 - 11*u**2 - 5*u + 51. Determine z(-11).
106
Let j(c) = -35*c + 122. What is j(9)?
-193
Let k(y) = 110*y + 12. What is k(1)?
122
Let j(z) = -z**2 + 77*z + 515. What is j(-7)?
-73
Let z(s) = -s**2 - 46*s + 160. Determine z(-46).
160
Let v(o) = -3*o**3 - 23*o**2 - 42*o - 12. Give v(-4).
-20
Let s(x) = 7*x - 12. Give s(4).
16
Let x(l) = l**2 + 75*l - 1752. Give x(19).
34
Let i(o) = -o**2 - 2859*o - 14267. Give i(-5).
3
Let b(n) = -n**3 - 4*n**2 + 17*n + 24. Calculate b(-7).
52
Let y(p) = -49*p**2 + 5*p - 5. What is y(3)?
-431
Let y(s) = 2*s**3 - 60*s**2 + 400*s - 7. Calculate y(20).
-7
Let n(h) = 2*h**3 - 289*h**2 + 991*h - 566. Calculate n(141).
-2
Let b(p) = 3*p**3 - 24*p**2 + 8*p + 84. Calculate b(7).
-7
Let w(l) = -l**2 + 26*l + 117. Calculate w(-4).
-3
Let p(c) = -10*c - 119. What is p(-13)?
11
Let b(l) = l**3 - 10*l**2 - 42*l + 18. Calculate b(12).
-198
Let h(g) = -g**3 + 7*g**2 + 4*g - 651. Give h(0).
-651
Let o(u) = 175*u + 541. Determine o(-3).
16
Let r(q) = 507*q**2 - 4563*q + 9. Give r(9).
9
Let m(a) = -2*a**3 - 34*a**2 + 2*a - 19. Give m(-17).
-53
Let d(q) = q**3 + 150*q**2 + 1527*q - 277. What is d(-139)?
1
Let g(t) = t**3 - 14*t**2 - 46*t + 387. Give g(15).
-78
Let u(g) = -133*g**2 - 131*g + 131. Calculate u(1).
-133
Let b(q) = -3*q**2 - 168*q + 722. What is b(4)?
2
Let f(q) = -4*q**2 - 148*q - 71. What is f(-37)?
-71
Let m(d) = d**3 - 9*d**2 + d + 85. Calculate m(4).
9
Let d(q) = 5*q**3 - 769*q**2 - 160*q + 927. Give d(154).
3
Let y(w) = 5*w**2 + 194*w + 1537. What is y(-11)?
8
Let u(t) = -3*t**3 - 7*t**2 + 66*t - 324. What is u(5)?
-544
Let z(l) = 141*l - 12837. Calculate z(91).
-6
Let n(o) = -o**2 + 309*o + 10543. What is n(-31)?
3
Let f(u) = 1254*u + 21317. Calculate f(-17).
-1
Let f